[INFO] cloning repository https://github.com/MUDS7/PRIM
[INFO] running `Command { std: "git" "-c" "credential.helper=" "-c" "credential.helper=/workspace/cargo-home/bin/git-credential-null" "clone" "--bare" "https://github.com/MUDS7/PRIM" "/workspace/cache/git-repos/https%3A%2F%2Fgithub.com%2FMUDS7%2FPRIM", kill_on_drop: false }`
[INFO] [stderr] Cloning into bare repository '/workspace/cache/git-repos/https%3A%2F%2Fgithub.com%2FMUDS7%2FPRIM'...
[INFO] running `Command { std: "git" "rev-parse" "HEAD", kill_on_drop: false }`
[INFO] [stdout] 9d65e2b4ec59c8b0d524ecdeb7fc8e9377e06beb
[INFO] checking MUDS7/PRIM against master#e6e4f7ed1589e03bc2f6c5931c1a72e7947e8682 for beta-170-4
[INFO] running `Command { std: "git" "clone" "/workspace/cache/git-repos/https%3A%2F%2Fgithub.com%2FMUDS7%2FPRIM" "/workspace/builds/worker-6-tc2/source", kill_on_drop: false }`
[INFO] [stderr] Cloning into '/workspace/builds/worker-6-tc2/source'...
[INFO] [stderr] done.
[INFO] validating manifest of git repo https://github.com/MUDS7/PRIM on toolchain e6e4f7ed1589e03bc2f6c5931c1a72e7947e8682
[INFO] running `Command { std: CARGO_HOME="/workspace/cargo-home" RUSTUP_HOME="/workspace/rustup-home" "/workspace/cargo-home/bin/cargo" "+e6e4f7ed1589e03bc2f6c5931c1a72e7947e8682" "metadata" "--manifest-path" "Cargo.toml" "--no-deps", kill_on_drop: false }`
[INFO] started tweaking git repo https://github.com/MUDS7/PRIM
[INFO] finished tweaking git repo https://github.com/MUDS7/PRIM
[INFO] tweaked toml for git repo https://github.com/MUDS7/PRIM written to /workspace/builds/worker-6-tc2/source/Cargo.toml
[INFO] crate git repo https://github.com/MUDS7/PRIM already has a lockfile, it will not be regenerated
[INFO] running `Command { std: CARGO_HOME="/workspace/cargo-home" RUSTUP_HOME="/workspace/rustup-home" "/workspace/cargo-home/bin/cargo" "+e6e4f7ed1589e03bc2f6c5931c1a72e7947e8682" "fetch" "--manifest-path" "Cargo.toml", kill_on_drop: false }`
[INFO] running `Command { std: "docker" "create" "-v" "/var/lib/crater-agent-workspace/builds/worker-6-tc2/target:/opt/rustwide/target:rw,Z" "-v" "/var/lib/crater-agent-workspace/builds/worker-6-tc2/source:/opt/rustwide/workdir:ro,Z" "-v" "/var/lib/crater-agent-workspace/cargo-home:/opt/rustwide/cargo-home:ro,Z" "-v" "/var/lib/crater-agent-workspace/rustup-home:/opt/rustwide/rustup-home:ro,Z" "-e" "SOURCE_DIR=/opt/rustwide/workdir" "-e" "CARGO_TARGET_DIR=/opt/rustwide/target" "-e" "CARGO_HOME=/opt/rustwide/cargo-home" "-e" "RUSTUP_HOME=/opt/rustwide/rustup-home" "-w" "/opt/rustwide/workdir" "-m" "1610612736" "--user" "0:0" "--network" "none" "ghcr.io/rust-lang/crates-build-env/linux@sha256:19e73879b68f455e41552ea35293514db52ea292d993f571636dbffedb77a1ee" "/opt/rustwide/cargo-home/bin/cargo" "+e6e4f7ed1589e03bc2f6c5931c1a72e7947e8682" "metadata" "--no-deps" "--format-version=1", kill_on_drop: false }`
[INFO] [stdout] a5c5555e30aa04a3aa9f9b5c71f19b28931ec930ef840601d697e952921deb66
[INFO] running `Command { std: "docker" "start" "-a" "a5c5555e30aa04a3aa9f9b5c71f19b28931ec930ef840601d697e952921deb66", kill_on_drop: false }`
[INFO] running `Command { std: "docker" "inspect" "a5c5555e30aa04a3aa9f9b5c71f19b28931ec930ef840601d697e952921deb66", kill_on_drop: false }`
[INFO] running `Command { std: "docker" "rm" "-f" "a5c5555e30aa04a3aa9f9b5c71f19b28931ec930ef840601d697e952921deb66", kill_on_drop: false }`
[INFO] [stdout] a5c5555e30aa04a3aa9f9b5c71f19b28931ec930ef840601d697e952921deb66
[INFO] running `Command { std: "docker" "create" "-v" "/var/lib/crater-agent-workspace/builds/worker-6-tc2/target:/opt/rustwide/target:rw,Z" "-v" "/var/lib/crater-agent-workspace/builds/worker-6-tc2/source:/opt/rustwide/workdir:ro,Z" "-v" "/var/lib/crater-agent-workspace/cargo-home:/opt/rustwide/cargo-home:ro,Z" "-v" "/var/lib/crater-agent-workspace/rustup-home:/opt/rustwide/rustup-home:ro,Z" "-e" "SOURCE_DIR=/opt/rustwide/workdir" "-e" "CARGO_TARGET_DIR=/opt/rustwide/target" "-e" "CARGO_INCREMENTAL=0" "-e" "RUST_BACKTRACE=full" "-e" "RUSTFLAGS=--cap-lints=forbid" "-e" "RUSTDOCFLAGS=--cap-lints=forbid" "-e" "CARGO_HOME=/opt/rustwide/cargo-home" "-e" "RUSTUP_HOME=/opt/rustwide/rustup-home" "-w" "/opt/rustwide/workdir" "-m" "1610612736" "--user" "0:0" "--network" "none" "ghcr.io/rust-lang/crates-build-env/linux@sha256:19e73879b68f455e41552ea35293514db52ea292d993f571636dbffedb77a1ee" "/opt/rustwide/cargo-home/bin/cargo" "+e6e4f7ed1589e03bc2f6c5931c1a72e7947e8682" "check" "--frozen" "--all" "--all-targets" "--message-format=json", kill_on_drop: false }`
[INFO] [stdout] b740b4503f4d35a9a8371ab91f2ba6bc6e2b268837e8404ad6dc4088385ff84f
[INFO] running `Command { std: "docker" "start" "-a" "b740b4503f4d35a9a8371ab91f2ba6bc6e2b268837e8404ad6dc4088385ff84f", kill_on_drop: false }`
[INFO] [stderr]    Compiling radium v0.5.3
[INFO] [stderr]    Compiling memchr v2.3.4
[INFO] [stderr]    Compiling lexical-core v0.7.6
[INFO] [stderr]     Checking arrayvec v0.5.2
[INFO] [stderr]    Compiling nom v6.2.0
[INFO] [stderr]     Checking bitvec v0.19.5
[INFO] [stderr]     Checking PRIM v0.1.0 (/opt/rustwide/workdir)
[INFO] [stdout] error[E0637]: `&` without an explicit lifetime name cannot be used here
[INFO] [stdout]   --> src/main.rs:26:36
[INFO] [stdout]    |
[INFO] [stdout] 26 |     pub static ref Vect:RwLock<Vec<&str>>=RwLock::new(vec![]);
[INFO] [stdout]    |                                    ^ explicit lifetime name needed here
[INFO] [stdout] 
[INFO] [stdout] 
[INFO] [stdout] error[E0106]: missing lifetime specifier
[INFO] [stdout]   --> src/main.rs:26:36
[INFO] [stdout]    |
[INFO] [stdout] 26 |     pub static ref Vect:RwLock<Vec<&str>>=RwLock::new(vec![]);
[INFO] [stdout]    |                                    ^ expected named lifetime parameter
[INFO] [stdout]    |
[INFO] [stdout]    = help: this function's return type contains a borrowed value, but there is no value for it to be borrowed from
[INFO] [stdout] help: consider using the `'static` lifetime
[INFO] [stdout]    |
[INFO] [stdout] 26 |     pub static ref Vect:RwLock<Vec<&'static str>>=RwLock::new(vec![]);
[INFO] [stdout]    |                                     +++++++
[INFO] [stdout] 
[INFO] [stdout] 
[INFO] [stdout] warning: unused import: `InputIter`
[INFO] [stdout]  --> src/main.rs:1:49
[INFO] [stdout]   |
[INFO] [stdout] 1 | use nom::{IResult, InputTakeAtPosition, AsChar, InputIter};
[INFO] [stdout]   |                                                 ^^^^^^^^^
[INFO] [stdout]   |
[INFO] [stdout]   = note: `#[warn(unused_imports)]` on by default
[INFO] [stdout] 
[INFO] [stdout] 
[INFO] [stdout] warning: unused imports: `be_u8`, `le_f32`, `le_u32`, `le_u8`
[INFO] [stdout]  --> src/main.rs:4:36
[INFO] [stdout]   |
[INFO] [stdout] 4 | use nom::number::complete::{float, le_u8, le_f32, le_u32, be_u8};
[INFO] [stdout]   |                                    ^^^^^  ^^^^^^  ^^^^^^  ^^^^^
[INFO] [stdout] 
[INFO] [stdout] 
[INFO] [stdout] warning: unused import: `std::convert::TryFrom`
[INFO] [stdout]  --> src/main.rs:6:5
[INFO] [stdout]   |
[INFO] [stdout] 6 | use std::convert::TryFrom;
[INFO] [stdout]   |     ^^^^^^^^^^^^^^^^^^^^^
[INFO] [stdout] 
[INFO] [stdout] 
[INFO] [stdout] warning: unused import: `nom::multi::separated_list0`
[INFO] [stdout]  --> src/main.rs:8:5
[INFO] [stdout]   |
[INFO] [stdout] 8 | use nom::multi::separated_list0;
[INFO] [stdout]   |     ^^^^^^^^^^^^^^^^^^^^^^^^^^^
[INFO] [stdout] 
[INFO] [stdout] 
[INFO] [stdout] warning: unused import: `tag`
[INFO] [stdout]   --> src/main.rs:12:28
[INFO] [stdout]    |
[INFO] [stdout] 12 | use nom::bytes::complete::{tag, take_until};
[INFO] [stdout]    |                            ^^^
[INFO] [stdout] 
[INFO] [stdout] 
[INFO] [stdout] warning: unused imports: `InputIter`, `InputLength`, `Slice`, `bytesc`
[INFO] [stdout]  --> src/tuple_kinds.rs:1:20
[INFO] [stdout]   |
[INFO] [stdout] 1 | use nom::{IResult, InputIter, bytesc, InputLength, Slice};
[INFO] [stdout]   |                    ^^^^^^^^^  ^^^^^^  ^^^^^^^^^^^  ^^^^^
[INFO] [stdout] 
[INFO] [stdout] 
[INFO] [stdout] warning: unused import: `PrimShapes`
[INFO] [stdout]  --> src/tuple_kinds.rs:2:33
[INFO] [stdout]   |
[INFO] [stdout] 2 | use crate::PrimShape::{Pyramid, PrimShapes, Box, RectangularTorus, CircularTorus, EllipticalDish, SphericalDish, Snout, Cylinder, Sphere,...
[INFO] [stdout]   |                                 ^^^^^^^^^^
[INFO] [stdout] 
[INFO] [stdout] 
[INFO] [stdout] warning: unused imports: `alpha0`, `anychar`, `digit1`, `satisfy`
[INFO] [stdout]  --> src/tuple_kinds.rs:4:45
[INFO] [stdout]   |
[INFO] [stdout] 4 | use nom::character::complete::{multispace0, anychar, satisfy, alpha0, alpha1, digit1};
[INFO] [stdout]   |                                             ^^^^^^^  ^^^^^^^  ^^^^^^          ^^^^^^
[INFO] [stdout] 
[INFO] [stdout] 
[INFO] [stdout] warning: unused imports: `be_u8`, `le_u8`
[INFO] [stdout]  --> src/tuple_kinds.rs:5:36
[INFO] [stdout]   |
[INFO] [stdout] 5 | use nom::number::complete::{float, le_u8, be_u8};
[INFO] [stdout]   |                                    ^^^^^  ^^^^^
[INFO] [stdout] 
[INFO] [stdout] 
[INFO] [stdout] warning: unused import: `crate::key`
[INFO] [stdout]  --> src/tuple_kinds.rs:7:5
[INFO] [stdout]   |
[INFO] [stdout] 7 | use crate::key;
[INFO] [stdout]   |     ^^^^^^^^^^
[INFO] [stdout] 
[INFO] [stdout] 
[INFO] [stdout] error[E0637]: `&` without an explicit lifetime name cannot be used here
[INFO] [stdout]   --> src/main.rs:26:36
[INFO] [stdout]    |
[INFO] [stdout] 26 |     pub static ref Vect:RwLock<Vec<&str>>=RwLock::new(vec![]);
[INFO] [stdout]    |                                    ^ explicit lifetime name needed here
[INFO] [stdout] 
[INFO] [stdout] 
[INFO] [stdout] warning: unused import: `std::fs::read_to_string`
[INFO] [stdout]  --> src/tuple_kinds.rs:9:5
[INFO] [stdout]   |
[INFO] [stdout] 9 | use std::fs::read_to_string;
[INFO] [stdout]   |     ^^^^^^^^^^^^^^^^^^^^^^^
[INFO] [stdout] 
[INFO] [stdout] 
[INFO] [stdout] warning: unused imports: `Chars`, `Utf8Error`, `from_utf8`
[INFO] [stdout]   --> src/tuple_kinds.rs:10:16
[INFO] [stdout]    |
[INFO] [stdout] 10 | use std::str::{Chars, from_utf8, Utf8Error};
[INFO] [stdout]    |                ^^^^^  ^^^^^^^^^  ^^^^^^^^^
[INFO] [stdout] 
[INFO] [stdout] 
[INFO] [stdout] warning: unused import: `std::ptr::null`
[INFO] [stdout]  --> src/stack_cntb.rs:1:5
[INFO] [stdout]   |
[INFO] [stdout] 1 | use std::ptr::null;
[INFO] [stdout]   |     ^^^^^^^^^^^^^^
[INFO] [stdout] 
[INFO] [stdout] 
[INFO] [stdout] error[E0106]: missing lifetime specifier
[INFO] [stdout]   --> src/main.rs:26:36
[INFO] [stdout]    |
[INFO] [stdout] 26 |     pub static ref Vect:RwLock<Vec<&str>>=RwLock::new(vec![]);
[INFO] [stdout]    |                                    ^ expected named lifetime parameter
[INFO] [stdout]    |
[INFO] [stdout]    = help: this function's return type contains a borrowed value, but there is no value for it to be borrowed from
[INFO] [stdout] help: consider using the `'static` lifetime
[INFO] [stdout]    |
[INFO] [stdout] 26 |     pub static ref Vect:RwLock<Vec<&'static str>>=RwLock::new(vec![]);
[INFO] [stdout]    |                                     +++++++
[INFO] [stdout] 
[INFO] [stdout] 
[INFO] [stdout] warning: unused import: `InputIter`
[INFO] [stdout]  --> src/main.rs:1:49
[INFO] [stdout]   |
[INFO] [stdout] 1 | use nom::{IResult, InputTakeAtPosition, AsChar, InputIter};
[INFO] [stdout]   |                                                 ^^^^^^^^^
[INFO] [stdout]   |
[INFO] [stdout]   = note: `#[warn(unused_imports)]` on by default
[INFO] [stdout] 
[INFO] [stdout] 
[INFO] [stdout] warning: unused imports: `be_u8`, `le_f32`, `le_u32`, `le_u8`
[INFO] [stdout]  --> src/main.rs:4:36
[INFO] [stdout]   |
[INFO] [stdout] 4 | use nom::number::complete::{float, le_u8, le_f32, le_u32, be_u8};
[INFO] [stdout]   |                                    ^^^^^  ^^^^^^  ^^^^^^  ^^^^^
[INFO] [stdout] 
[INFO] [stdout] 
[INFO] [stdout] warning: unused import: `std::convert::TryFrom`
[INFO] [stdout]  --> src/main.rs:6:5
[INFO] [stdout]   |
[INFO] [stdout] 6 | use std::convert::TryFrom;
[INFO] [stdout]   |     ^^^^^^^^^^^^^^^^^^^^^
[INFO] [stdout] 
[INFO] [stdout] 
[INFO] [stdout] warning: unused import: `nom::multi::separated_list0`
[INFO] [stdout]  --> src/main.rs:8:5
[INFO] [stdout]   |
[INFO] [stdout] 8 | use nom::multi::separated_list0;
[INFO] [stdout]   |     ^^^^^^^^^^^^^^^^^^^^^^^^^^^
[INFO] [stdout] 
[INFO] [stdout] 
[INFO] [stdout] warning: unused import: `tag`
[INFO] [stdout]   --> src/main.rs:12:28
[INFO] [stdout]    |
[INFO] [stdout] 12 | use nom::bytes::complete::{tag, take_until};
[INFO] [stdout]    |                            ^^^
[INFO] [stdout] 
[INFO] [stdout] 
[INFO] [stdout] warning: unused imports: `InputIter`, `InputLength`, `bytesc`
[INFO] [stdout]  --> src/tuple_kinds.rs:1:20
[INFO] [stdout]   |
[INFO] [stdout] 1 | use nom::{IResult, InputIter, bytesc, InputLength, Slice};
[INFO] [stdout]   |                    ^^^^^^^^^  ^^^^^^  ^^^^^^^^^^^
[INFO] [stdout] 
[INFO] [stdout] 
[INFO] [stdout] warning: unused import: `PrimShapes`
[INFO] [stdout]  --> src/tuple_kinds.rs:2:33
[INFO] [stdout]   |
[INFO] [stdout] 2 | use crate::PrimShape::{Pyramid, PrimShapes, Box, RectangularTorus, CircularTorus, EllipticalDish, SphericalDish, Snout, Cylinder, Sphere,...
[INFO] [stdout]   |                                 ^^^^^^^^^^
[INFO] [stdout] 
[INFO] [stdout] 
[INFO] [stdout] warning: unused imports: `alpha0`, `anychar`, `digit1`, `satisfy`
[INFO] [stdout]  --> src/tuple_kinds.rs:4:45
[INFO] [stdout]   |
[INFO] [stdout] 4 | use nom::character::complete::{multispace0, anychar, satisfy, alpha0, alpha1, digit1};
[INFO] [stdout]   |                                             ^^^^^^^  ^^^^^^^  ^^^^^^          ^^^^^^
[INFO] [stdout] 
[INFO] [stdout] 
[INFO] [stdout] warning: unused imports: `be_u8`, `le_u8`
[INFO] [stdout]  --> src/tuple_kinds.rs:5:36
[INFO] [stdout]   |
[INFO] [stdout] 5 | use nom::number::complete::{float, le_u8, be_u8};
[INFO] [stdout]   |                                    ^^^^^  ^^^^^
[INFO] [stdout] 
[INFO] [stdout] 
[INFO] [stdout] warning: unused import: `crate::key`
[INFO] [stdout]  --> src/tuple_kinds.rs:7:5
[INFO] [stdout]   |
[INFO] [stdout] 7 | use crate::key;
[INFO] [stdout]   |     ^^^^^^^^^^
[INFO] [stdout] 
[INFO] [stdout] 
[INFO] [stdout] warning: type `week` should have an upper camel case name
[INFO] [stdout]   --> src/date_shape.rs:20:10
[INFO] [stdout]    |
[INFO] [stdout] 20 | pub enum week{
[INFO] [stdout]    |          ^^^^ help: convert the identifier to upper camel case (notice the capitalization): `Week`
[INFO] [stdout]    |
[INFO] [stdout]    = note: `#[warn(non_camel_case_types)]` on by default
[INFO] [stdout] 
[INFO] [stdout] 
[INFO] [stdout] warning: unused import: `std::fs::read_to_string`
[INFO] [stdout]  --> src/tuple_kinds.rs:9:5
[INFO] [stdout]   |
[INFO] [stdout] 9 | use std::fs::read_to_string;
[INFO] [stdout]   |     ^^^^^^^^^^^^^^^^^^^^^^^
[INFO] [stdout] 
[INFO] [stdout] 
[INFO] [stdout] warning: unused imports: `Chars`, `Utf8Error`
[INFO] [stdout]   --> src/tuple_kinds.rs:10:16
[INFO] [stdout]    |
[INFO] [stdout] 10 | use std::str::{Chars, from_utf8, Utf8Error};
[INFO] [stdout]    |                ^^^^^             ^^^^^^^^^
[INFO] [stdout] 
[INFO] [stdout] 
[INFO] [stdout] warning: unused import: `std::ptr::null`
[INFO] [stdout]  --> src/stack_cntb.rs:1:5
[INFO] [stdout]   |
[INFO] [stdout] 1 | use std::ptr::null;
[INFO] [stdout]   |     ^^^^^^^^^^^^^^
[INFO] [stdout] 
[INFO] [stdout] 
[INFO] [stdout] warning: type `week` should have an upper camel case name
[INFO] [stdout]   --> src/date_shape.rs:20:10
[INFO] [stdout]    |
[INFO] [stdout] 20 | pub enum week{
[INFO] [stdout]    |          ^^^^ help: convert the identifier to upper camel case (notice the capitalization): `Week`
[INFO] [stdout]    |
[INFO] [stdout]    = note: `#[warn(non_camel_case_types)]` on by default
[INFO] [stdout] 
[INFO] [stdout] 
[INFO] [stdout] error: `impl` item signature doesn't match `trait` item signature
[INFO] [stdout]   --> src/main.rs:24:1
[INFO] [stdout]    |
[INFO] [stdout] 24 | / lazy_static!{
[INFO] [stdout] 25 | |     pub static ref INC: RwLock<Stack<char>> = RwLock::new(Stack::new(10));
[INFO] [stdout] 26 | |     pub static ref Vect:RwLock<Vec<&str>>=RwLock::new(vec![]);
[INFO] [stdout] 27 | | }
[INFO] [stdout]    | |_^ found `fn(&'1 Vect) -> &'1 RwLock<Vec<&'1 str>>`
[INFO] [stdout]   --> /rustc/e6e4f7ed1589e03bc2f6c5931c1a72e7947e8682/library/core/src/ops/deref.rs:75:5
[INFO] [stdout]    |
[INFO] [stdout]    = note: expected `fn(&'1 Vect) -> &'1 RwLock<Vec<&'3 str>>`
[INFO] [stdout]    |
[INFO] [stdout]    = note: expected signature `fn(&'1 Vect) -> &'1 RwLock<Vec<&'3 str>>`
[INFO] [stdout]               found signature `fn(&'1 Vect) -> &'1 RwLock<Vec<&'1 str>>`
[INFO] [stdout]    = help: the lifetime requirements from the `impl` do not correspond to the requirements in the `trait`
[INFO] [stdout]    = help: verify the lifetime relationships in the `trait` and `impl` between the `self` argument, the other inputs and its output
[INFO] [stdout]    = note: this error originates in the macro `__lazy_static_internal` which comes from the expansion of the macro `lazy_static` (in Nightly builds, run with -Z macro-backtrace for more info)
[INFO] [stdout] 
[INFO] [stdout] 
[INFO] [stdout] error: `impl` item signature doesn't match `trait` item signature
[INFO] [stdout]   --> src/main.rs:24:1
[INFO] [stdout]    |
[INFO] [stdout] 24 | / lazy_static!{
[INFO] [stdout] 25 | |     pub static ref INC: RwLock<Stack<char>> = RwLock::new(Stack::new(10));
[INFO] [stdout] 26 | |     pub static ref Vect:RwLock<Vec<&str>>=RwLock::new(vec![]);
[INFO] [stdout] 27 | | }
[INFO] [stdout]    | |_^ found `fn(&'1 Vect) -> &'1 RwLock<Vec<&'1 str>>`
[INFO] [stdout]   --> /rustc/e6e4f7ed1589e03bc2f6c5931c1a72e7947e8682/library/core/src/ops/deref.rs:75:5
[INFO] [stdout]    |
[INFO] [stdout]    = note: expected `fn(&'1 Vect) -> &'1 RwLock<Vec<&'3 str>>`
[INFO] [stdout]    |
[INFO] [stdout]    = note: expected signature `fn(&'1 Vect) -> &'1 RwLock<Vec<&'3 str>>`
[INFO] [stdout]               found signature `fn(&'1 Vect) -> &'1 RwLock<Vec<&'1 str>>`
[INFO] [stdout]    = help: the lifetime requirements from the `impl` do not correspond to the requirements in the `trait`
[INFO] [stdout]    = help: verify the lifetime relationships in the `trait` and `impl` between the `self` argument, the other inputs and its output
[INFO] [stdout]    = note: this error originates in the macro `__lazy_static_internal` which comes from the expansion of the macro `lazy_static` (in Nightly builds, run with -Z macro-backtrace for more info)
[INFO] [stdout] 
[INFO] [stdout] 
[INFO] [stdout] warning: unreachable call
[INFO] [stdout]    --> src/main.rs:150:13
[INFO] [stdout]     |
[INFO] [stdout] 150 |         _ =>Err(panic!("Problem opening the file")),
[INFO] [stdout]     |             ^^^ ---------------------------------- any code following this expression is unreachable
[INFO] [stdout]     |             |
[INFO] [stdout]     |             unreachable call
[INFO] [stdout]     |
[INFO] [stdout]     = note: `#[warn(unreachable_code)]` on by default
[INFO] [stdout] 
[INFO] [stdout] 
[INFO] [stdout] warning: unreachable call
[INFO] [stdout]    --> src/main.rs:150:13
[INFO] [stdout]     |
[INFO] [stdout] 150 |         _ =>Err(panic!("Problem opening the file")),
[INFO] [stdout]     |             ^^^ ---------------------------------- any code following this expression is unreachable
[INFO] [stdout]     |             |
[INFO] [stdout]     |             unreachable call
[INFO] [stdout]     |
[INFO] [stdout]     = note: `#[warn(unreachable_code)]` on by default
[INFO] [stdout] 
[INFO] [stdout] 
[INFO] [stdout] error: aborting due to 3 previous errors; 15 warnings emitted
[INFO] [stdout] 
[INFO] [stdout] 
[INFO] [stdout] Some errors have detailed explanations: E0106, E0637.
[INFO] [stdout] 
[INFO] [stdout] For more information about an error, try `rustc --explain E0106`.
[INFO] [stdout] 
[INFO] [stdout] error: aborting due to 3 previous errors; 15 warnings emitted
[INFO] [stdout] 
[INFO] [stdout] 
[INFO] [stdout] Some errors have detailed explanations: E0106, E0637.
[INFO] [stdout] 
[INFO] [stdout] For more information about an error, try `rustc --explain E0106`.
[INFO] [stdout] 
[INFO] [stderr] error: could not compile `PRIM` (bin "PRIM") due to 4 previous errors; 15 warnings emitted
[INFO] [stderr] warning: build failed, waiting for other jobs to finish...
[INFO] [stderr] error: could not compile `PRIM` (bin "PRIM" test) due to 4 previous errors; 15 warnings emitted
[INFO] running `Command { std: "docker" "inspect" "b740b4503f4d35a9a8371ab91f2ba6bc6e2b268837e8404ad6dc4088385ff84f", kill_on_drop: false }`
[INFO] running `Command { std: "docker" "rm" "-f" "b740b4503f4d35a9a8371ab91f2ba6bc6e2b268837e8404ad6dc4088385ff84f", kill_on_drop: false }`
[INFO] [stdout] b740b4503f4d35a9a8371ab91f2ba6bc6e2b268837e8404ad6dc4088385ff84f
